{"id":36602,"date":"2022-06-29T06:58:13","date_gmt":"2022-06-29T06:58:13","guid":{"rendered":"https:\/\/shop-braunwein.de\/produkt\/winzergluehwein-hausgemacht-rot\/"},"modified":"2025-06-19T14:50:36","modified_gmt":"2025-06-19T14:50:36","slug":"winzergluehwein-hausgemacht-rot","status":"publish","type":"product","link":"https:\/\/shop-braunwein.de\/?product=winzergluehwein-hausgemacht-rot","title":{"rendered":"<br>Winzergl\u00fchwein hausgemacht rot<br>"},"content":{"rendered":"\n<div align=\"left\"><font size=\"2\"><\/p>\n<p>        <font><!-- IBGHTML --><!-- IBGHTML -->Gl\u00fchwein &#8211; das ideale Getr\u00e4nk f\u00fcr die k\u00e4lteren Tage &#8211; w\u00e4rmen Sie sich von innen! <strong>im Winter<\/strong> &#8211; einfach erhitzen und z.B. Weihnachtspl\u00e4tzchen oder Christstollen genie\u00dfen<\/font><\/p>\n<p><\/font><\/div>\n<table WIDTH=\"60%\" BORDER=\"0\" align=\"left\" CELLPADDING=\"0\" CELLSPACING=\"0\"><\/p>\n<tr>\n<\/table>\n","protected":false},"excerpt":{"rendered":"<p>Gl\u00fchwein &#8211; das ideale Getr\u00e4nk f\u00fcr die k\u00e4lteren Tage &#8211; w\u00e4rmen Sie sich von innen! im Winter &#8211; einfach erhitzen und z.B. Weihnachtspl\u00e4tzchen oder Christstollen genie\u00dfen<\/p>\n","protected":false},"featured_media":36502,"template":"","meta":[],"product_brand":[],"product_cat":[3631,3634],"product_tag":[],"class_list":{"0":"post-36602","1":"product","2":"type-product","3":"status-publish","4":"has-post-thumbnail","6":"product_cat-aktion","7":"product_cat-gluehwein","9":"first","10":"instock","11":"shipping-taxable","12":"purchasable","13":"product-type-simple"},"_links":{"self":[{"href":"https:\/\/shop-braunwein.de\/index.php?rest_route=\/wp\/v2\/product\/36602","targetHints":{"allow":["GET"]}}],"collection":[{"href":"https:\/\/shop-braunwein.de\/index.php?rest_route=\/wp\/v2\/product"}],"about":[{"href":"https:\/\/shop-braunwein.de\/index.php?rest_route=\/wp\/v2\/types\/product"}],"wp:featuredmedia":[{"embeddable":true,"href":"https:\/\/shop-braunwein.de\/index.php?rest_route=\/wp\/v2\/media\/36502"}],"wp:attachment":[{"href":"https:\/\/shop-braunwein.de\/index.php?rest_route=%2Fwp%2Fv2%2Fmedia&parent=36602"}],"wp:term":[{"taxonomy":"product_brand","embeddable":true,"href":"https:\/\/shop-braunwein.de\/index.php?rest_route=%2Fwp%2Fv2%2Fproduct_brand&post=36602"},{"taxonomy":"product_cat","embeddable":true,"href":"https:\/\/shop-braunwein.de\/index.php?rest_route=%2Fwp%2Fv2%2Fproduct_cat&post=36602"},{"taxonomy":"product_tag","embeddable":true,"href":"https:\/\/shop-braunwein.de\/index.php?rest_route=%2Fwp%2Fv2%2Fproduct_tag&post=36602"}],"curies":[{"name":"wp","href":"https:\/\/api.w.org\/{rel}","templated":true}]}}