{"id":36682,"date":"2022-10-28T20:02:57","date_gmt":"2022-10-28T20:02:57","guid":{"rendered":"https:\/\/shop-braunwein.de\/produkt\/artikel-nr-g112021er-nordheimer-voegelein-grauer-burgunder-spaetlese-feinherb-075l\/"},"modified":"2025-06-19T14:51:09","modified_gmt":"2025-06-19T14:51:09","slug":"artikel-nr-g122021er-nordheimer-voegelein-grauer-burgunder-spaetlese-feinherb-075l","status":"publish","type":"product","link":"https:\/\/shop-braunwein.de\/?product=artikel-nr-g122021er-nordheimer-voegelein-grauer-burgunder-spaetlese-feinherb-075l","title":{"rendered":"<br>Artikel-Nr.: G12<br>2021er Nordheimer V\u00f6gelein Grauer Burgunder Sp\u00e4tlese  feinherb 0,75l<br>"},"content":{"rendered":"<p><!-- IBGHTML --><span style='font-size: 12pt;font-weight: normal'>typischer Grauburgunder, in der Nasenur dezente Frucht (Birne, Honigmelone), aber daf\u00fcr ganz viel hefige undnussige Noten, am Gaumen f\u00e4llt die Rests\u00fc\u00dfe kaum ins Gewicht, sehr rund undharmonisch, gehaltvoller, dennoch eleganter Wein, keine Wuchtbrumme<\/span><\/p>\n<table WIDTH=\"60%\" BORDER=\"0\" align=\"left\" CELLPADDING=\"0\" CELLSPACING=\"0\"><\/p>\n<tr>\n<td width=\"53%\">Artikelnummer:<\/td>\n<td width=\"47%\"><strong>G12<\/strong><\/td>\n<\/tr>\n<p><\/p>\n<tr>\n<td>Inhalt<\/td>\n<td><strong>0,75 Ltr.<\/strong><\/td>\n<\/tr>\n<p><\/p>\n<tr>\n<td>Preis\/Ltr.<\/td>\n<td><strong>12,53 EUR pro Ltr.<\/strong><\/td>\n<\/tr>\n<p><\/p>\n<tr>\n<td>Weinart:<\/td>\n<td><strong>Wei\u00dfwein<\/strong><\/td>\n<\/tr>\n<p><\/p>\n<tr>\n<td>Qualit&auml;tsstufe<\/td>\n<td><strong>Sp\u00e4tlese<\/strong><\/td>\n<\/tr>\n<p><\/p>\n<tr>\n<td>Rebsorte<\/td>\n<td><strong>Grauer Burgunder<\/strong><\/td>\n<\/tr>\n<p><\/p>\n<tr>\n<td>Restzuckergehalt<\/td>\n<td><strong>9,7 g\/Ltr.<\/strong><\/td>\n<\/tr>\n<p><\/p>\n<tr>\n<td>Alkoholgehalt<\/td>\n<td><strong>12,5 Vol. %<\/strong><\/td>\n<\/tr>\n<p><\/p>\n<tr>\n<td>vegan:<\/td>\n<td><strong>@o<\/strong><\/td>\n<\/tr>\n<p><\/p>\n<tr>\n<td>enth\u00e4lt Allergene:<\/td>\n<td><strong>Sulfite<\/strong><\/td>\n<\/tr>\n<p><\/table>\n","protected":false},"excerpt":{"rendered":"<p>typischer Grauburgunder, in der Nasenur dezente Frucht (Birne, Honigmelone), aber daf\u00fcr ganz viel hefige undnussige Noten, am Gaumen f\u00e4llt die Rests\u00fc\u00dfe kaum ins Gewicht, sehr rund undharmonisch, gehaltvoller, dennoch eleganter Wein, keine Wuchtbrumme Artikelnummer: G12 Inhalt 0,75 Ltr. Preis\/Ltr. 12,53 EUR pro Ltr. Weinart: Wei\u00dfwein Qualit&auml;tsstufe Sp\u00e4tlese Rebsorte Grauer Burgunder Restzuckergehalt 9,7 g\/Ltr. Alkoholgehalt 12,5 [&hellip;]<\/p>\n","protected":false},"featured_media":36735,"template":"","meta":[],"product_brand":[],"product_cat":[3622,3618],"product_tag":[],"class_list":{"0":"post-36682","1":"product","2":"type-product","3":"status-publish","4":"has-post-thumbnail","6":"product_cat-klassisches-franken","7":"product_cat-weissweine","9":"first","10":"instock","11":"shipping-taxable","12":"purchasable","13":"product-type-simple"},"_links":{"self":[{"href":"https:\/\/shop-braunwein.de\/index.php?rest_route=\/wp\/v2\/product\/36682","targetHints":{"allow":["GET"]}}],"collection":[{"href":"https:\/\/shop-braunwein.de\/index.php?rest_route=\/wp\/v2\/product"}],"about":[{"href":"https:\/\/shop-braunwein.de\/index.php?rest_route=\/wp\/v2\/types\/product"}],"wp:featuredmedia":[{"embeddable":true,"href":"https:\/\/shop-braunwein.de\/index.php?rest_route=\/wp\/v2\/media\/36735"}],"wp:attachment":[{"href":"https:\/\/shop-braunwein.de\/index.php?rest_route=%2Fwp%2Fv2%2Fmedia&parent=36682"}],"wp:term":[{"taxonomy":"product_brand","embeddable":true,"href":"https:\/\/shop-braunwein.de\/index.php?rest_route=%2Fwp%2Fv2%2Fproduct_brand&post=36682"},{"taxonomy":"product_cat","embeddable":true,"href":"https:\/\/shop-braunwein.de\/index.php?rest_route=%2Fwp%2Fv2%2Fproduct_cat&post=36682"},{"taxonomy":"product_tag","embeddable":true,"href":"https:\/\/shop-braunwein.de\/index.php?rest_route=%2Fwp%2Fv2%2Fproduct_tag&post=36682"}],"curies":[{"name":"wp","href":"https:\/\/api.w.org\/{rel}","templated":true}]}}