{"id":36968,"date":"2023-07-29T06:48:49","date_gmt":"2023-07-29T06:48:49","guid":{"rendered":"https:\/\/shop-braunwein.de\/produkt\/artikel-nr-s72022er-nordheimer-voegelein-silvaner-qualitaetswein-trocken-075l\/"},"modified":"2025-06-19T14:50:32","modified_gmt":"2025-06-19T14:50:32","slug":"artikel-nr-s72022er-nordheimer-voegelein-silvaner-gelb-qualitaetswein-trocken-075l","status":"publish","type":"product","link":"https:\/\/shop-braunwein.de\/?product=artikel-nr-s72022er-nordheimer-voegelein-silvaner-gelb-qualitaetswein-trocken-075l","title":{"rendered":"<br>Artikel-Nr.: S7<br>2022er Nordheimer V\u00f6gelein Silvaner gelb Qualit\u00e4tswein  trocken 0,75l<br>"},"content":{"rendered":"<p><!-- IBGHTML --><!-- IBGHTML --><strong><span style=\"font-weight: normal\">Unsere Silvaner-Spezialit\u00e4t, es handelt sich nicht um den landl\u00e4ufigenGr\u00fcnen Silvaner, sondern um den selten angebauten Gelben Silvaner, in der NaseAromen von reifer Birne, auch erdige Noten (nasser Ton), am Gaumen harmonischmit reifer S\u00e4ure, mittelkr\u00e4ftiger K\u00f6rper, trinkt sich wunderbar solo, ein hochwertigerSchoppen.<\/p>\n<p><\/span><\/strong><\/p>\n<table WIDTH=\"60%\" BORDER=\"0\" align=\"left\" CELLPADDING=\"0\" CELLSPACING=\"0\"><\/p>\n<tr>\n<td width=\"53%\">Artikelnummer:<\/td>\n<td width=\"47%\"><strong>S7<\/strong><\/td>\n<\/tr>\n<p><\/p>\n<tr>\n<td>Inhalt<\/td>\n<td><strong>0,75 Ltr.<\/strong><\/td>\n<\/tr>\n<p><\/p>\n<tr>\n<td>Preis\/Ltr.<\/td>\n<td><strong>9,07 EUR pro Ltr.<\/strong><\/td>\n<\/tr>\n<p><\/p>\n<tr>\n<td>Weinart:<\/td>\n<td><strong>Wei\u00dfwein<\/strong><\/td>\n<\/tr>\n<p><\/p>\n<tr>\n<td>Qualit&auml;tsstufe<\/td>\n<td><strong>Qualit\u00e4tswein<\/strong><\/td>\n<\/tr>\n<p><\/p>\n<tr>\n<td>Rebsorte<\/td>\n<td><strong>Silvaner<\/strong><\/td>\n<\/tr>\n<p><\/p>\n<tr>\n<td>Restzuckergehalt<\/td>\n<td><strong>7,9 g\/Ltr.<\/strong><\/td>\n<\/tr>\n<p><\/p>\n<tr>\n<td>Alkoholgehalt<\/td>\n<td><strong>12,0 Vol. %<\/strong><\/td>\n<\/tr>\n<p><\/p>\n<tr>\n<td>vegan:<\/td>\n<td><strong>@o<\/strong><\/td>\n<\/tr>\n<p><\/p>\n<tr>\n<td>enth\u00e4lt Allergene:<\/td>\n<td><strong>Sulfite<\/strong><\/td>\n<\/tr>\n<p><\/table>\n","protected":false},"excerpt":{"rendered":"<p>Unsere Silvaner-Spezialit\u00e4t, es handelt sich nicht um den landl\u00e4ufigenGr\u00fcnen Silvaner, sondern um den selten angebauten Gelben Silvaner, in der NaseAromen von reifer Birne, auch erdige Noten (nasser Ton), am Gaumen harmonischmit reifer S\u00e4ure, mittelkr\u00e4ftiger K\u00f6rper, trinkt sich wunderbar solo, ein hochwertigerSchoppen. Artikelnummer: S7 Inhalt 0,75 Ltr. Preis\/Ltr. 9,07 EUR pro Ltr. Weinart: Wei\u00dfwein Qualit&auml;tsstufe Qualit\u00e4tswein [&hellip;]<\/p>\n","protected":false},"featured_media":37140,"template":"","meta":[],"product_brand":[],"product_cat":[3631,3633],"product_tag":[],"class_list":{"0":"post-36968","1":"product","2":"type-product","3":"status-publish","4":"has-post-thumbnail","6":"product_cat-aktion","7":"product_cat-restposten","9":"first","10":"instock","11":"shipping-taxable","12":"purchasable","13":"product-type-simple"},"_links":{"self":[{"href":"https:\/\/shop-braunwein.de\/index.php?rest_route=\/wp\/v2\/product\/36968","targetHints":{"allow":["GET"]}}],"collection":[{"href":"https:\/\/shop-braunwein.de\/index.php?rest_route=\/wp\/v2\/product"}],"about":[{"href":"https:\/\/shop-braunwein.de\/index.php?rest_route=\/wp\/v2\/types\/product"}],"wp:featuredmedia":[{"embeddable":true,"href":"https:\/\/shop-braunwein.de\/index.php?rest_route=\/wp\/v2\/media\/37140"}],"wp:attachment":[{"href":"https:\/\/shop-braunwein.de\/index.php?rest_route=%2Fwp%2Fv2%2Fmedia&parent=36968"}],"wp:term":[{"taxonomy":"product_brand","embeddable":true,"href":"https:\/\/shop-braunwein.de\/index.php?rest_route=%2Fwp%2Fv2%2Fproduct_brand&post=36968"},{"taxonomy":"product_cat","embeddable":true,"href":"https:\/\/shop-braunwein.de\/index.php?rest_route=%2Fwp%2Fv2%2Fproduct_cat&post=36968"},{"taxonomy":"product_tag","embeddable":true,"href":"https:\/\/shop-braunwein.de\/index.php?rest_route=%2Fwp%2Fv2%2Fproduct_tag&post=36968"}],"curies":[{"name":"wp","href":"https:\/\/api.w.org\/{rel}","templated":true}]}}