{"id":37089,"date":"2023-11-14T08:09:12","date_gmt":"2023-11-14T08:09:12","guid":{"rendered":"https:\/\/shop-braunwein.de\/produkt\/artikel-nr-s112022er-nordheimer-voegelein-silvaner-spaetlese-trocken-075l\/"},"modified":"2025-06-19T14:51:08","modified_gmt":"2025-06-19T14:51:08","slug":"artikel-nr-s112022er-nordheimer-voegelein-silvaner-spaetlese-trocken-075l","status":"publish","type":"product","link":"https:\/\/shop-braunwein.de\/?product=artikel-nr-s112022er-nordheimer-voegelein-silvaner-spaetlese-trocken-075l","title":{"rendered":"<br>Artikel-Nr.: S11<br>2022er Nordheimer V\u00f6gelein Silvaner Sp\u00e4tlese  trocken 0,75l<br>"},"content":{"rendered":"<p><!-- IBGHTML -->B<strong><span style=\"font-weight: normal\">ereits in der Farbe zeigt sich die h\u00f6here Reife, strahlend hellgoldeneFarbe, tolle, druckvolle Nase mit Aromen von getrockneter Banane, daneben auch leichtrauchige und etwas mineralische Noten, am Gaumen dann kraftvoll, aber nicht indie Breite gehend, beh\u00e4lt den Fokus dank einer sch\u00f6nen S\u00e4ure, endet sehr langauf Noten hochreifer gelber Fr\u00fcchte.<\/span><\/strong><\/p>\n<table WIDTH=\"60%\" BORDER=\"0\" align=\"left\" CELLPADDING=\"0\" CELLSPACING=\"0\"><\/p>\n<tr>\n<td width=\"53%\">Artikelnummer:<\/td>\n<td width=\"47%\"><strong>S11<\/strong><\/td>\n<\/tr>\n<p><\/p>\n<tr>\n<td>Inhalt<\/td>\n<td><strong>0,75 Ltr.<\/strong><\/td>\n<\/tr>\n<p><\/p>\n<tr>\n<td>Preis\/Ltr.<\/td>\n<td><strong>11,87 EUR pro Ltr.<\/strong><\/td>\n<\/tr>\n<p><\/p>\n<tr>\n<td>Weinart:<\/td>\n<td><strong>Wei\u00dfwein<\/strong><\/td>\n<\/tr>\n<p><\/p>\n<tr>\n<td>Qualit&auml;tsstufe<\/td>\n<td><strong>Sp\u00e4tlese<\/strong><\/td>\n<\/tr>\n<p><\/p>\n<tr>\n<td>Rebsorte<\/td>\n<td><strong>Silvaner<\/strong><\/td>\n<\/tr>\n<p><\/p>\n<tr>\n<td>Restzuckergehalt<\/td>\n<td><strong>3,2 g\/Ltr.<\/strong><\/td>\n<\/tr>\n<p><\/p>\n<tr>\n<td>Alkoholgehalt<\/td>\n<td><strong>14,0 Vol. %<\/strong><\/td>\n<\/tr>\n<p><\/p>\n<tr>\n<td>vegan:<\/td>\n<td><strong>@o<\/strong><\/td>\n<\/tr>\n<p><\/p>\n<tr>\n<td>enth\u00e4lt Allergene:<\/td>\n<td><strong>Sulfite<\/strong><\/td>\n<\/tr>\n<p><\/table>\n","protected":false},"excerpt":{"rendered":"<p>Bereits in der Farbe zeigt sich die h\u00f6here Reife, strahlend hellgoldeneFarbe, tolle, druckvolle Nase mit Aromen von getrockneter Banane, daneben auch leichtrauchige und etwas mineralische Noten, am Gaumen dann kraftvoll, aber nicht indie Breite gehend, beh\u00e4lt den Fokus dank einer sch\u00f6nen S\u00e4ure, endet sehr langauf Noten hochreifer gelber Fr\u00fcchte. Artikelnummer: S11 Inhalt 0,75 Ltr. Preis\/Ltr. [&hellip;]<\/p>\n","protected":false},"featured_media":36738,"template":"","meta":[],"product_brand":[],"product_cat":[3622,3618],"product_tag":[],"class_list":{"0":"post-37089","1":"product","2":"type-product","3":"status-publish","4":"has-post-thumbnail","6":"product_cat-klassisches-franken","7":"product_cat-weissweine","9":"first","10":"instock","11":"shipping-taxable","12":"purchasable","13":"product-type-simple"},"_links":{"self":[{"href":"https:\/\/shop-braunwein.de\/index.php?rest_route=\/wp\/v2\/product\/37089","targetHints":{"allow":["GET"]}}],"collection":[{"href":"https:\/\/shop-braunwein.de\/index.php?rest_route=\/wp\/v2\/product"}],"about":[{"href":"https:\/\/shop-braunwein.de\/index.php?rest_route=\/wp\/v2\/types\/product"}],"wp:featuredmedia":[{"embeddable":true,"href":"https:\/\/shop-braunwein.de\/index.php?rest_route=\/wp\/v2\/media\/36738"}],"wp:attachment":[{"href":"https:\/\/shop-braunwein.de\/index.php?rest_route=%2Fwp%2Fv2%2Fmedia&parent=37089"}],"wp:term":[{"taxonomy":"product_brand","embeddable":true,"href":"https:\/\/shop-braunwein.de\/index.php?rest_route=%2Fwp%2Fv2%2Fproduct_brand&post=37089"},{"taxonomy":"product_cat","embeddable":true,"href":"https:\/\/shop-braunwein.de\/index.php?rest_route=%2Fwp%2Fv2%2Fproduct_cat&post=37089"},{"taxonomy":"product_tag","embeddable":true,"href":"https:\/\/shop-braunwein.de\/index.php?rest_route=%2Fwp%2Fv2%2Fproduct_tag&post=37089"}],"curies":[{"name":"wp","href":"https:\/\/api.w.org\/{rel}","templated":true}]}}