{"id":37232,"date":"2024-03-30T06:32:19","date_gmt":"2024-03-30T06:32:19","guid":{"rendered":"https:\/\/shop-braunwein.de\/produkt\/artikel-nr-c62022er-sommeracher-katzenkopf-chardonnay-qualitaetswein-feinfruchtig-075l\/"},"modified":"2025-06-19T14:50:44","modified_gmt":"2025-06-19T14:50:44","slug":"artikel-nr-c62022er-sommeracher-katzenkopf-chardonnay-qualitaetswein-feinfruchtig-075l","status":"publish","type":"product","link":"https:\/\/shop-braunwein.de\/?product=artikel-nr-c62022er-sommeracher-katzenkopf-chardonnay-qualitaetswein-feinfruchtig-075l","title":{"rendered":"<br>Artikel-Nr.: C6<br>2022er Sommeracher Katzenkopf Chardonnay Qualit\u00e4tswein  feinfruchtig 0,75l<br>"},"content":{"rendered":"<p><!-- IBGHTML --><!-- IBGHTML --><span style='font-size: 12pt;font-weight: normal'>F\u00fcr einen ungeholzten Chardonnay durchaus typische, herb&nbsp;exotische Frucht in der Nase mit Noten von Physalis (Kapstachelbeere), Kiwi und Sternfrucht, am Gaumen toller Zug dank einer laserstrahlartigen, quicklebendigen S\u00e4ure, welche die feine Rests\u00fc\u00dfe fast komplett absorbiert.<\/span><\/p>\n<table WIDTH=\"60%\" BORDER=\"0\" align=\"left\" CELLPADDING=\"0\" CELLSPACING=\"0\"><\/p>\n<tr>\n<td width=\"53%\">Artikelnummer:<\/td>\n<td width=\"47%\"><strong>C6<\/strong><\/td>\n<\/tr>\n<p><\/p>\n<tr>\n<td>Inhalt<\/td>\n<td><strong>0,75 Ltr.<\/strong><\/td>\n<\/tr>\n<p><\/p>\n<tr>\n<td>Preis\/Ltr.<\/td>\n<td><strong>9,20 EUR pro Ltr.<\/strong><\/td>\n<\/tr>\n<p><\/p>\n<tr>\n<td>Weinart:<\/td>\n<td><strong>Wei\u00dfwein<\/strong><\/td>\n<\/tr>\n<p><\/p>\n<tr>\n<td>Qualit&auml;tsstufe<\/td>\n<td><strong>Qualit\u00e4tswein<\/strong><\/td>\n<\/tr>\n<p><\/p>\n<tr>\n<td>Rebsorte<\/td>\n<td><strong>Chardonnay<\/strong><\/td>\n<\/tr>\n<p><\/p>\n<tr>\n<td>Restzuckergehalt<\/td>\n<td><strong>14,8 g\/Ltr.<\/strong><\/td>\n<\/tr>\n<p><\/p>\n<tr>\n<td>Alkoholgehalt<\/td>\n<td><strong>12,0 Vol. %<\/strong><\/td>\n<\/tr>\n<p><\/p>\n<tr>\n<td>vegan:<\/td>\n<td><strong>@o<\/strong><\/td>\n<\/tr>\n<p><\/p>\n<tr>\n<td>enth\u00e4lt Allergene:<\/td>\n<td><strong>Sulfite<\/strong><\/td>\n<\/tr>\n<p><\/table>\n","protected":false},"excerpt":{"rendered":"<p>F\u00fcr einen ungeholzten Chardonnay durchaus typische, herb&nbsp;exotische Frucht in der Nase mit Noten von Physalis (Kapstachelbeere), Kiwi und Sternfrucht, am Gaumen toller Zug dank einer laserstrahlartigen, quicklebendigen S\u00e4ure, welche die feine Rests\u00fc\u00dfe fast komplett absorbiert. Artikelnummer: C6 Inhalt 0,75 Ltr. Preis\/Ltr. 9,20 EUR pro Ltr. Weinart: Wei\u00dfwein Qualit&auml;tsstufe Qualit\u00e4tswein Rebsorte Chardonnay Restzuckergehalt 14,8 g\/Ltr. Alkoholgehalt [&hellip;]<\/p>\n","protected":false},"featured_media":36690,"template":"","meta":[],"product_brand":[],"product_cat":[3617,3618],"product_tag":[],"class_list":{"0":"post-37232","1":"product","2":"type-product","3":"status-publish","4":"has-post-thumbnail","6":"product_cat-vielfalt","7":"product_cat-weissweine","9":"first","10":"instock","11":"shipping-taxable","12":"purchasable","13":"product-type-simple"},"_links":{"self":[{"href":"https:\/\/shop-braunwein.de\/index.php?rest_route=\/wp\/v2\/product\/37232","targetHints":{"allow":["GET"]}}],"collection":[{"href":"https:\/\/shop-braunwein.de\/index.php?rest_route=\/wp\/v2\/product"}],"about":[{"href":"https:\/\/shop-braunwein.de\/index.php?rest_route=\/wp\/v2\/types\/product"}],"wp:featuredmedia":[{"embeddable":true,"href":"https:\/\/shop-braunwein.de\/index.php?rest_route=\/wp\/v2\/media\/36690"}],"wp:attachment":[{"href":"https:\/\/shop-braunwein.de\/index.php?rest_route=%2Fwp%2Fv2%2Fmedia&parent=37232"}],"wp:term":[{"taxonomy":"product_brand","embeddable":true,"href":"https:\/\/shop-braunwein.de\/index.php?rest_route=%2Fwp%2Fv2%2Fproduct_brand&post=37232"},{"taxonomy":"product_cat","embeddable":true,"href":"https:\/\/shop-braunwein.de\/index.php?rest_route=%2Fwp%2Fv2%2Fproduct_cat&post=37232"},{"taxonomy":"product_tag","embeddable":true,"href":"https:\/\/shop-braunwein.de\/index.php?rest_route=%2Fwp%2Fv2%2Fproduct_tag&post=37232"}],"curies":[{"name":"wp","href":"https:\/\/api.w.org\/{rel}","templated":true}]}}