{"id":37486,"date":"2024-11-03T16:42:44","date_gmt":"2024-11-03T16:42:44","guid":{"rendered":"https:\/\/shop-braunwein.de\/produkt\/artikel-nr-b122022er-nordheimer-kreuzberg-bacchus-traminer-spaetlese-lieblich-075lbb\/"},"modified":"2025-06-19T14:51:05","modified_gmt":"2025-06-19T14:51:05","slug":"artikel-nr-b122022er-nordheimer-kreuzberg-bacchus-traminer-spaetlese-lieblich-075lbb","status":"publish","type":"product","link":"https:\/\/shop-braunwein.de\/?product=artikel-nr-b122022er-nordheimer-kreuzberg-bacchus-traminer-spaetlese-lieblich-075lbb","title":{"rendered":"<br>Artikel-Nr.: B12<br>2022er Nordheimer Kreuzberg Bacchus-Traminer Sp\u00e4tlese  lieblich 0,75lBB<br>"},"content":{"rendered":"<p><!-- IBGHTML -->Ein Wein zum Schwelgen, in der Nase blitzen beide Rebsorten mit typischen Aromen auf, der Bacchus steuert Noten von frischen Trauben und florale Ankl\u00e4nge bei, der Traminer einen feinen Rosenduft, am Gaumen herrlich w\u00fcrzig mit schmeckbarer, aber nicht \u00fcberbordender S\u00fc\u00dfe, passt toll zur gemischten K\u00e4seplatte.<\/p>\n<table WIDTH=\"60%\" BORDER=\"0\" align=\"left\" CELLPADDING=\"0\" CELLSPACING=\"0\"><\/p>\n<tr>\n<td width=\"53%\">Artikelnummer:<\/td>\n<td width=\"47%\"><strong>B12<\/strong><\/td>\n<\/tr>\n<p><\/p>\n<tr>\n<td>Inhalt<\/td>\n<td><strong>0,75 Ltr.<\/strong><\/td>\n<\/tr>\n<p><\/p>\n<tr>\n<td>Preis\/Ltr.<\/td>\n<td><strong>9,33 EUR pro Ltr.<\/strong><\/td>\n<\/tr>\n<p><\/p>\n<tr>\n<td>Weinart:<\/td>\n<td><strong>Wei\u00dfwein<\/strong><\/td>\n<\/tr>\n<p><\/p>\n<tr>\n<td>Qualit&auml;tsstufe<\/td>\n<td><strong>Sp\u00e4tlese<\/strong><\/td>\n<\/tr>\n<p><\/p>\n<tr>\n<td>Rebsorte<\/td>\n<td><strong>Bacchus-Traminer<\/strong><\/td>\n<\/tr>\n<p><\/p>\n<tr>\n<td>Restzuckergehalt<\/td>\n<td><strong><\/strong><\/td>\n<\/tr>\n<p><\/p>\n<tr>\n<td>Alkoholgehalt<\/td>\n<td><strong><\/strong><\/td>\n<\/tr>\n<p><\/p>\n<tr>\n<td>vegan:<\/td>\n<td><strong>@o<\/strong><\/td>\n<\/tr>\n<p><\/p>\n<tr>\n<td>enth\u00e4lt Allergene:<\/td>\n<td><strong>Sulfite<\/strong><\/td>\n<\/tr>\n<p><\/table>\n","protected":false},"excerpt":{"rendered":"<p>Ein Wein zum Schwelgen, in der Nase blitzen beide Rebsorten mit typischen Aromen auf, der Bacchus steuert Noten von frischen Trauben und florale Ankl\u00e4nge bei, der Traminer einen feinen Rosenduft, am Gaumen herrlich w\u00fcrzig mit schmeckbarer, aber nicht \u00fcberbordender S\u00fc\u00dfe, passt toll zur gemischten K\u00e4seplatte. Artikelnummer: B12 Inhalt 0,75 Ltr. Preis\/Ltr. 9,33 EUR pro Ltr. [&hellip;]<\/p>\n","protected":false},"featured_media":0,"template":"","meta":[],"product_brand":[],"product_cat":[3622,3618],"product_tag":[],"class_list":{"0":"post-37486","1":"product","2":"type-product","3":"status-publish","5":"product_cat-klassisches-franken","6":"product_cat-weissweine","8":"first","9":"instock","10":"featured","11":"shipping-taxable","12":"purchasable","13":"product-type-simple"},"_links":{"self":[{"href":"https:\/\/shop-braunwein.de\/index.php?rest_route=\/wp\/v2\/product\/37486","targetHints":{"allow":["GET"]}}],"collection":[{"href":"https:\/\/shop-braunwein.de\/index.php?rest_route=\/wp\/v2\/product"}],"about":[{"href":"https:\/\/shop-braunwein.de\/index.php?rest_route=\/wp\/v2\/types\/product"}],"wp:attachment":[{"href":"https:\/\/shop-braunwein.de\/index.php?rest_route=%2Fwp%2Fv2%2Fmedia&parent=37486"}],"wp:term":[{"taxonomy":"product_brand","embeddable":true,"href":"https:\/\/shop-braunwein.de\/index.php?rest_route=%2Fwp%2Fv2%2Fproduct_brand&post=37486"},{"taxonomy":"product_cat","embeddable":true,"href":"https:\/\/shop-braunwein.de\/index.php?rest_route=%2Fwp%2Fv2%2Fproduct_cat&post=37486"},{"taxonomy":"product_tag","embeddable":true,"href":"https:\/\/shop-braunwein.de\/index.php?rest_route=%2Fwp%2Fv2%2Fproduct_tag&post=37486"}],"curies":[{"name":"wp","href":"https:\/\/api.w.org\/{rel}","templated":true}]}}